{"id":353,"date":"2025-03-06T18:17:44","date_gmt":"2025-03-06T18:17:44","guid":{"rendered":"https:\/\/cuencadamico.com.ar\/?page_id=353"},"modified":"2025-03-25T14:27:31","modified_gmt":"2025-03-25T14:27:31","slug":"estudio","status":"publish","type":"page","link":"https:\/\/cuencadamico.com.ar\/index.php\/estudio\/","title":{"rendered":"Estudio"},"content":{"rendered":"<p>[et_pb_section fb_built=\u00bb1&#8243; module_id=\u00bbestudio\u00bb _builder_version=\u00bb4.27.4&#8243; _module_preset=\u00bbdefault\u00bb background_color=\u00bb#F2F2F2&#8243; custom_padding=\u00bb||||false|false\u00bb global_colors_info=\u00bb{}\u00bb][et_pb_row _builder_version=\u00bb4.27.4&#8243; _module_preset=\u00bbdefault\u00bb custom_padding=\u00bb||48px|||\u00bb global_colors_info=\u00bb{}\u00bb][et_pb_column type=\u00bb4_4&#8243; _builder_version=\u00bb4.27.4&#8243; _module_preset=\u00bbdefault\u00bb global_colors_info=\u00bb{}\u00bb][et_pb_text _builder_version=\u00bb4.27.4&#8243; _module_preset=\u00bbdefault\u00bb header_2_font=\u00bb|600|||||||\u00bb custom_margin=\u00bb||25px|||\u00bb global_colors_info=\u00bb{}\u00bb]<\/p>\n<h2>EL ESTUDIO<\/h2>\n<p>[\/et_pb_text][et_pb_text _builder_version=\u00bb4.27.4&#8243; _module_preset=\u00bbdefault\u00bb custom_margin=\u00bb||14px|||\u00bb global_colors_info=\u00bb{}\u00bb]<\/p>\n<p>Estamos en la ciudad de Rosario desde 2005. Nuestro estudio de dise\u00f1o gr\u00e1fico se enfoca en crear identidades visuales que capturan la esencia de cada marca, dot\u00e1ndolas de una personalidad \u00fanica y aut\u00e9ntica que las diferencie en el mercado.<\/p>\n<p>Afrontamos desaf\u00edos diversos, siendo nuestro objetivo siempre el mismo: dise\u00f1ar marcas aut\u00e9nticas, verdaderas, \u00fanicas y cre\u00edbles.<\/p>\n<p>[\/et_pb_text][\/et_pb_column][\/et_pb_row][et_pb_row column_structure=\u00bb1_4,1_4,1_4,1_4&#8243; _builder_version=\u00bb4.27.4&#8243; _module_preset=\u00bbdefault\u00bb global_colors_info=\u00bb{}\u00bb][et_pb_column type=\u00bb1_4&#8243; _builder_version=\u00bb4.27.4&#8243; _module_preset=\u00bbdefault\u00bb global_colors_info=\u00bb{}\u00bb][et_pb_blurb image=\u00bbhttps:\/\/cuencadamico.com.ar\/wp-content\/uploads\/2025\/03\/Equipo-02.jpg\u00bb _builder_version=\u00bb4.27.4&#8243; _module_preset=\u00bbdefault\u00bb global_colors_info=\u00bb{}\u00bb]<\/p>\n<p>Juan Pablo D\u00b4Amico<br \/><strong>PUBLICISTA<\/strong><\/p>\n<p>[\/et_pb_blurb][\/et_pb_column][et_pb_column type=\u00bb1_4&#8243; _builder_version=\u00bb4.27.4&#8243; _module_preset=\u00bbdefault\u00bb global_colors_info=\u00bb{}\u00bb][et_pb_blurb image=\u00bbhttps:\/\/cuencadamico.com.ar\/wp-content\/uploads\/2025\/03\/Equipo-01.jpg\u00bb _builder_version=\u00bb4.27.4&#8243; _module_preset=\u00bbdefault\u00bb global_colors_info=\u00bb{}\u00bb]<\/p>\n<p>Andr\u00e9s Cuenca<br \/><strong>DISE\u00d1ADOR GR\u00c1FICO<\/strong><\/p>\n<p>[\/et_pb_blurb][\/et_pb_column][et_pb_column type=\u00bb1_4&#8243; _builder_version=\u00bb4.27.4&#8243; _module_preset=\u00bbdefault\u00bb global_colors_info=\u00bb{}\u00bb][et_pb_blurb image=\u00bbhttps:\/\/cuencadamico.com.ar\/wp-content\/uploads\/2025\/03\/Equipo-03.jpg\u00bb _builder_version=\u00bb4.27.4&#8243; _module_preset=\u00bbdefault\u00bb global_colors_info=\u00bb{}\u00bb]<\/p>\n<p>Mat\u00edas Libonati<br \/><strong>DISE\u00d1ADOR GR\u00c1FICO<\/strong><\/p>\n<p>[\/et_pb_blurb][\/et_pb_column][et_pb_column type=\u00bb1_4&#8243; _builder_version=\u00bb4.27.4&#8243; _module_preset=\u00bbdefault\u00bb global_colors_info=\u00bb{}\u00bb][et_pb_blurb image=\u00bbhttps:\/\/cuencadamico.com.ar\/wp-content\/uploads\/2025\/03\/Equipo-04.jpg\u00bb _builder_version=\u00bb4.27.4&#8243; _module_preset=\u00bbdefault\u00bb global_colors_info=\u00bb{}\u00bb]<\/p>\n<p>Juan Andr\u00e9s Cuenca<br \/><strong>BRAND | ADS MANAGER<\/strong><\/p>\n<p>[\/et_pb_blurb][\/et_pb_column][\/et_pb_row][\/et_pb_section][et_pb_section fb_built=\u00bb1&#8243; _builder_version=\u00bb4.27.4&#8243; _module_preset=\u00bbdefault\u00bb global_colors_info=\u00bb{}\u00bb][et_pb_row _builder_version=\u00bb4.27.4&#8243; _module_preset=\u00bbdefault\u00bb global_colors_info=\u00bb{}\u00bb][et_pb_column type=\u00bb4_4&#8243; _builder_version=\u00bb4.27.4&#8243; _module_preset=\u00bbdefault\u00bb global_colors_info=\u00bb{}\u00bb][et_pb_text _builder_version=\u00bb4.27.4&#8243; _module_preset=\u00bbdefault\u00bb header_2_font=\u00bb|600|||||||\u00bb global_colors_info=\u00bb{}\u00bb]<\/p>\n<h2>SERVICIOS<\/h2>\n<p>[\/et_pb_text][\/et_pb_column][\/et_pb_row][et_pb_row column_structure=\u00bb1_3,1_3,1_3&#8243; _builder_version=\u00bb4.27.4&#8243; _module_preset=\u00bbdefault\u00bb global_colors_info=\u00bb{}\u00bb][et_pb_column type=\u00bb1_3&#8243; _builder_version=\u00bb4.27.4&#8243; _module_preset=\u00bbdefault\u00bb global_colors_info=\u00bb{}\u00bb][et_pb_blurb image=\u00bbhttps:\/\/cuencadamico.com.ar\/wp-content\/uploads\/2025\/03\/names@2x.png\u00bb image_icon_width=\u00bb56%\u00bb icon_alignment=\u00bbleft\u00bb _builder_version=\u00bb4.27.4&#8243; _module_preset=\u00bbdefault\u00bb header_level=\u00bbh3&#8243; header_font=\u00bb|&#8211;et_global_body_font_weight|||||||\u00bb header_font_size=\u00bb22px\u00bb body_font=\u00bb&#8211;et_global_heading_font|500|||||||\u00bb body_line_height=\u00bb0.3em\u00bb global_colors_info=\u00bb{}\u00bb]<\/p>\n<p>CREACI\u00d3N<\/p>\n<p><strong>DE NOMBRES<\/strong><\/p>\n<p>[\/et_pb_blurb][et_pb_text _builder_version=\u00bb4.27.4&#8243; _module_preset=\u00bbdefault\u00bb global_colors_info=\u00bb{}\u00bb]<\/p>\n<p>El nombre de una marca debe sintetizar su esencia. Cuando creamos nombres, pensamos fundamentalmente a largo plazo y consideramos su impacto en la identidad de marca. Un nombre bien elegido es clave para influir en la decisi\u00f3n de compra.<\/p>\n<p>[\/et_pb_text][\/et_pb_column][et_pb_column type=\u00bb1_3&#8243; _builder_version=\u00bb4.27.4&#8243; _module_preset=\u00bbdefault\u00bb global_colors_info=\u00bb{}\u00bb][et_pb_blurb image=\u00bbhttps:\/\/cuencadamico.com.ar\/wp-content\/uploads\/2025\/03\/a.png\u00bb image_icon_width=\u00bb56%\u00bb icon_alignment=\u00bbleft\u00bb _builder_version=\u00bb4.27.4&#8243; _module_preset=\u00bbdefault\u00bb header_level=\u00bbh3&#8243; header_font=\u00bb|&#8211;et_global_body_font_weight|||||||\u00bb header_font_size=\u00bb22px\u00bb body_font=\u00bb&#8211;et_global_heading_font|500|||||||\u00bb body_line_height=\u00bb0.3em\u00bb global_colors_info=\u00bb{}\u00bb]<\/p>\n<p>DISE\u00d1O<\/p>\n<p><strong>DE LOGOTIPOS<\/strong><\/p>\n<p>[\/et_pb_blurb][et_pb_text _builder_version=\u00bb4.27.4&#8243; _module_preset=\u00bbdefault\u00bb global_colors_info=\u00bb{}\u00bb]<\/p>\n<p>Creamos un s\u00edmbolo gr\u00e1fico que represente a una marca, empresa <br \/>o producto. Nuestra misi\u00f3n es que el dise\u00f1o del logotipo sea simple, memorable y de f\u00e1cil reconocimiento.<br \/>Es un componente clave de la identidad visual.<\/p>\n<p>[\/et_pb_text][\/et_pb_column][et_pb_column type=\u00bb1_3&#8243; _builder_version=\u00bb4.27.4&#8243; _module_preset=\u00bbdefault\u00bb global_colors_info=\u00bb{}\u00bb][et_pb_blurb image=\u00bbhttps:\/\/cuencadamico.com.ar\/wp-content\/uploads\/2025\/03\/packaging@2x.png\u00bb image_icon_width=\u00bb56%\u00bb icon_alignment=\u00bbleft\u00bb _builder_version=\u00bb4.27.4&#8243; _module_preset=\u00bbdefault\u00bb header_level=\u00bbh3&#8243; header_font=\u00bb|&#8211;et_global_body_font_weight|||||||\u00bb header_font_size=\u00bb22px\u00bb body_font=\u00bb&#8211;et_global_heading_font|500|||||||\u00bb body_line_height=\u00bb0.3em\u00bb global_colors_info=\u00bb{}\u00bb]<\/p>\n<p>DISE\u00d1O<\/p>\n<p><strong>DE PACKAGING<\/strong><\/p>\n<p>[\/et_pb_blurb][et_pb_text _builder_version=\u00bb4.27.4&#8243; _module_preset=\u00bbdefault\u00bb global_colors_info=\u00bb{}\u00bb]<\/p>\n<p>El objetivo es captar la atenci\u00f3n del consumidor mediante envases que se transformen en verdaderos portavoces de las marcas. Nuestros dise\u00f1os buscan seducir e influenciar en el impulso de compra, transmitiendo las cualidades, diferenciales y promesas de los productos.<\/p>\n<p>[\/et_pb_text][\/et_pb_column][\/et_pb_row][et_pb_row column_structure=\u00bb1_3,1_3,1_3&#8243; _builder_version=\u00bb4.27.4&#8243; _module_preset=\u00bbdefault\u00bb global_colors_info=\u00bb{}\u00bb][et_pb_column type=\u00bb1_3&#8243; _builder_version=\u00bb4.27.4&#8243; _module_preset=\u00bbdefault\u00bb global_colors_info=\u00bb{}\u00bb][et_pb_blurb image=\u00bbhttps:\/\/cuencadamico.com.ar\/wp-content\/uploads\/2025\/03\/logotipos@2x.png\u00bb image_icon_width=\u00bb56%\u00bb icon_alignment=\u00bbleft\u00bb _builder_version=\u00bb4.27.4&#8243; _module_preset=\u00bbdefault\u00bb header_level=\u00bbh3&#8243; header_font=\u00bb|&#8211;et_global_body_font_weight|||||||\u00bb header_font_size=\u00bb22px\u00bb body_font=\u00bb&#8211;et_global_heading_font|500|||||||\u00bb body_line_height=\u00bb0.3em\u00bb global_colors_info=\u00bb{}\u00bb]<\/p>\n<p>IDENTIDAD VISUAL\u00a0<\/p>\n<p><strong>y BRANDING<\/strong><\/p>\n<p>[\/et_pb_blurb][et_pb_text _builder_version=\u00bb4.27.4&#8243; _module_preset=\u00bbdefault\u00bb global_colors_info=\u00bb{}\u00bb]<\/p>\n<p>Dise\u00f1amos el universo visual de las marcas a partir de recursos gr\u00e1ficos, para lograr crear una imagen coherente y reconocible que las diferencie de la competencia.<\/p>\n<p>[\/et_pb_text][\/et_pb_column][et_pb_column type=\u00bb1_3&#8243; _builder_version=\u00bb4.27.4&#8243; _module_preset=\u00bbdefault\u00bb global_colors_info=\u00bb{}\u00bb][et_pb_blurb image=\u00bbhttps:\/\/cuencadamico.com.ar\/wp-content\/uploads\/2025\/03\/digitall@2x.png\u00bb image_icon_width=\u00bb56%\u00bb icon_alignment=\u00bbleft\u00bb _builder_version=\u00bb4.27.4&#8243; _module_preset=\u00bbdefault\u00bb header_level=\u00bbh3&#8243; header_font=\u00bb|&#8211;et_global_body_font_weight|||||||\u00bb header_font_size=\u00bb22px\u00bb body_font=\u00bb&#8211;et_global_heading_font|500|||||||\u00bb body_line_height=\u00bb0.3em\u00bb global_colors_info=\u00bb{}\u00bb]<\/p>\n<p>COMUNICACI\u00d3N<\/p>\n<p><strong>DIGITAL<\/strong><\/p>\n<p>[\/et_pb_blurb][et_pb_text _builder_version=\u00bb4.27.4&#8243; _module_preset=\u00bbdefault\u00bb global_colors_info=\u00bb{}\u00bb]<\/p>\n<p>Comunicamos mensajes de manera clara y efectiva. Creamos experiencias visuales atractivas y memorables,<br \/>e incrementamos la visibilidad<br \/>y reconocimiento de las marcas.<\/p>\n<p>[\/et_pb_text][\/et_pb_column][et_pb_column type=\u00bb1_3&#8243; _builder_version=\u00bb4.27.4&#8243; _module_preset=\u00bbdefault\u00bb global_colors_info=\u00bb{}\u00bb][\/et_pb_column][\/et_pb_row][\/et_pb_section]<\/p>\n","protected":false},"excerpt":{"rendered":"<p>EL ESTUDIOEstamos en la ciudad de Rosario desde 2005. Nuestro estudio de dise\u00f1o gr\u00e1fico se enfoca en crear identidades visuales que capturan la esencia de cada marca, dot\u00e1ndolas de una personalidad \u00fanica y aut\u00e9ntica que las diferencie en el mercado. Afrontamos desaf\u00edos diversos, siendo nuestro objetivo siempre el mismo: dise\u00f1ar marcas aut\u00e9nticas, verdaderas, \u00fanicas y [&hellip;]<\/p>\n","protected":false},"author":1,"featured_media":0,"parent":0,"menu_order":0,"comment_status":"closed","ping_status":"closed","template":"","meta":{"_et_pb_use_builder":"on","_et_pb_old_content":"","_et_gb_content_width":"","footnotes":""},"class_list":["post-353","page","type-page","status-publish","hentry"],"_links":{"self":[{"href":"https:\/\/cuencadamico.com.ar\/index.php\/wp-json\/wp\/v2\/pages\/353","targetHints":{"allow":["GET"]}}],"collection":[{"href":"https:\/\/cuencadamico.com.ar\/index.php\/wp-json\/wp\/v2\/pages"}],"about":[{"href":"https:\/\/cuencadamico.com.ar\/index.php\/wp-json\/wp\/v2\/types\/page"}],"author":[{"embeddable":true,"href":"https:\/\/cuencadamico.com.ar\/index.php\/wp-json\/wp\/v2\/users\/1"}],"replies":[{"embeddable":true,"href":"https:\/\/cuencadamico.com.ar\/index.php\/wp-json\/wp\/v2\/comments?post=353"}],"version-history":[{"count":31,"href":"https:\/\/cuencadamico.com.ar\/index.php\/wp-json\/wp\/v2\/pages\/353\/revisions"}],"predecessor-version":[{"id":1343,"href":"https:\/\/cuencadamico.com.ar\/index.php\/wp-json\/wp\/v2\/pages\/353\/revisions\/1343"}],"wp:attachment":[{"href":"https:\/\/cuencadamico.com.ar\/index.php\/wp-json\/wp\/v2\/media?parent=353"}],"curies":[{"name":"wp","href":"https:\/\/api.w.org\/{rel}","templated":true}]}}

<p>[et_pb_section fb_built=»1&#8243; module_id=»estudio» _builder_version=»4.27.4&#8243; _module_preset=»default» background_color=»#F2F2F2&#8243; custom_padding=»||||false|false» global_colors_info=»{}»][et_pb_row _builder_version=»4.27.4&#8243; _module_preset=»default» custom_padding=»||48px|||» global_colors_info=»{}»][et_pb_column type=»4_4&#8243; _builder_version=»4.27.4&#8243; _module_preset=»default» global_colors_info=»{}»][et_pb_text _builder_version=»4.27.4&#8243; _module_preset=»default» header_2_font=»|600|||||||» custom_margin=»||25px|||» global_colors_info=»{}»]</p>
<h2>EL ESTUDIO</h2>
<p>[/et_pb_text][et_pb_text _builder_version=»4.27.4&#8243; _module_preset=»default» custom_margin=»||14px|||» global_colors_info=»{}»]</p>
<p>Estamos en la ciudad de Rosario desde 2005. Nuestro estudio de diseño gráfico se enfoca en crear identidades visuales que capturan la esencia de cada marca, dotándolas de una personalidad única y auténtica que las diferencie en el mercado.</p>
<p>Afrontamos desafíos diversos, siendo nuestro objetivo siempre el mismo: diseñar marcas auténticas, verdaderas, únicas y creíbles.</p>
<p>[/et_pb_text][/et_pb_column][/et_pb_row][et_pb_row column_structure=»1_4,1_4,1_4,1_4&#8243; _builder_version=»4.27.4&#8243; _module_preset=»default» global_colors_info=»{}»][et_pb_column type=»1_4&#8243; _builder_version=»4.27.4&#8243; _module_preset=»default» global_colors_info=»{}»][et_pb_blurb image=»https://cuencadamico.com.ar/wp-content/uploads/2025/03/Equipo-02.jpg» _builder_version=»4.27.4&#8243; _module_preset=»default» global_colors_info=»{}»]</p>
<p>Juan Pablo D´Amico<br /><strong>PUBLICISTA</strong></p>
<p>[/et_pb_blurb][/et_pb_column][et_pb_column type=»1_4&#8243; _builder_version=»4.27.4&#8243; _module_preset=»default» global_colors_info=»{}»][et_pb_blurb image=»https://cuencadamico.com.ar/wp-content/uploads/2025/03/Equipo-01.jpg» _builder_version=»4.27.4&#8243; _module_preset=»default» global_colors_info=»{}»]</p>
<p>Andrés Cuenca<br /><strong>DISEÑADOR GRÁFICO</strong></p>
<p>[/et_pb_blurb][/et_pb_column][et_pb_column type=»1_4&#8243; _builder_version=»4.27.4&#8243; _module_preset=»default» global_colors_info=»{}»][et_pb_blurb image=»https://cuencadamico.com.ar/wp-content/uploads/2025/03/Equipo-03.jpg» _builder_version=»4.27.4&#8243; _module_preset=»default» global_colors_info=»{}»]</p>
<p>Matías Libonati<br /><strong>DISEÑADOR GRÁFICO</strong></p>
<p>[/et_pb_blurb][/et_pb_column][et_pb_column type=»1_4&#8243; _builder_version=»4.27.4&#8243; _module_preset=»default» global_colors_info=»{}»][et_pb_blurb image=»https://cuencadamico.com.ar/wp-content/uploads/2025/03/Equipo-04.jpg» _builder_version=»4.27.4&#8243; _module_preset=»default» global_colors_info=»{}»]</p>
<p>Juan Andrés Cuenca<br /><strong>BRAND | ADS MANAGER</strong></p>
<p>[/et_pb_blurb][/et_pb_column][/et_pb_row][/et_pb_section][et_pb_section fb_built=»1&#8243; _builder_version=»4.27.4&#8243; _module_preset=»default» global_colors_info=»{}»][et_pb_row _builder_version=»4.27.4&#8243; _module_preset=»default» global_colors_info=»{}»][et_pb_column type=»4_4&#8243; _builder_version=»4.27.4&#8243; _module_preset=»default» global_colors_info=»{}»][et_pb_text _builder_version=»4.27.4&#8243; _module_preset=»default» header_2_font=»|600|||||||» global_colors_info=»{}»]</p>
<h2>SERVICIOS</h2>
<p>[/et_pb_text][/et_pb_column][/et_pb_row][et_pb_row column_structure=»1_3,1_3,1_3&#8243; _builder_version=»4.27.4&#8243; _module_preset=»default» global_colors_info=»{}»][et_pb_column type=»1_3&#8243; _builder_version=»4.27.4&#8243; _module_preset=»default» global_colors_info=»{}»][et_pb_blurb image=»https://cuencadamico.com.ar/wp-content/uploads/2025/03/names@2x.png» image_icon_width=»56%» icon_alignment=»left» _builder_version=»4.27.4&#8243; _module_preset=»default» header_level=»h3&#8243; header_font=»|&#8211;et_global_body_font_weight|||||||» header_font_size=»22px» body_font=»&#8211;et_global_heading_font|500|||||||» body_line_height=»0.3em» global_colors_info=»{}»]</p>
<p>CREACIÓN</p>
<p><strong>DE NOMBRES</strong></p>
<p>[/et_pb_blurb][et_pb_text _builder_version=»4.27.4&#8243; _module_preset=»default» global_colors_info=»{}»]</p>
<p>El nombre de una marca debe sintetizar su esencia. Cuando creamos nombres, pensamos fundamentalmente a largo plazo y consideramos su impacto en la identidad de marca. Un nombre bien elegido es clave para influir en la decisión de compra.</p>
<p>[/et_pb_text][/et_pb_column][et_pb_column type=»1_3&#8243; _builder_version=»4.27.4&#8243; _module_preset=»default» global_colors_info=»{}»][et_pb_blurb image=»https://cuencadamico.com.ar/wp-content/uploads/2025/03/a.png» image_icon_width=»56%» icon_alignment=»left» _builder_version=»4.27.4&#8243; _module_preset=»default» header_level=»h3&#8243; header_font=»|&#8211;et_global_body_font_weight|||||||» header_font_size=»22px» body_font=»&#8211;et_global_heading_font|500|||||||» body_line_height=»0.3em» global_colors_info=»{}»]</p>
<p>DISEÑO</p>
<p><strong>DE LOGOTIPOS</strong></p>
<p>[/et_pb_blurb][et_pb_text _builder_version=»4.27.4&#8243; _module_preset=»default» global_colors_info=»{}»]</p>
<p>Creamos un símbolo gráfico que represente a una marca, empresa <br />o producto. Nuestra misión es que el diseño del logotipo sea simple, memorable y de fácil reconocimiento.<br />Es un componente clave de la identidad visual.</p>
<p>[/et_pb_text][/et_pb_column][et_pb_column type=»1_3&#8243; _builder_version=»4.27.4&#8243; _module_preset=»default» global_colors_info=»{}»][et_pb_blurb image=»https://cuencadamico.com.ar/wp-content/uploads/2025/03/packaging@2x.png» image_icon_width=»56%» icon_alignment=»left» _builder_version=»4.27.4&#8243; _module_preset=»default» header_level=»h3&#8243; header_font=»|&#8211;et_global_body_font_weight|||||||» header_font_size=»22px» body_font=»&#8211;et_global_heading_font|500|||||||» body_line_height=»0.3em» global_colors_info=»{}»]</p>
<p>DISEÑO</p>
<p><strong>DE PACKAGING</strong></p>
<p>[/et_pb_blurb][et_pb_text _builder_version=»4.27.4&#8243; _module_preset=»default» global_colors_info=»{}»]</p>
<p>El objetivo es captar la atención del consumidor mediante envases que se transformen en verdaderos portavoces de las marcas. Nuestros diseños buscan seducir e influenciar en el impulso de compra, transmitiendo las cualidades, diferenciales y promesas de los productos.</p>
<p>[/et_pb_text][/et_pb_column][/et_pb_row][et_pb_row column_structure=»1_3,1_3,1_3&#8243; _builder_version=»4.27.4&#8243; _module_preset=»default» global_colors_info=»{}»][et_pb_column type=»1_3&#8243; _builder_version=»4.27.4&#8243; _module_preset=»default» global_colors_info=»{}»][et_pb_blurb image=»https://cuencadamico.com.ar/wp-content/uploads/2025/03/logotipos@2x.png» image_icon_width=»56%» icon_alignment=»left» _builder_version=»4.27.4&#8243; _module_preset=»default» header_level=»h3&#8243; header_font=»|&#8211;et_global_body_font_weight|||||||» header_font_size=»22px» body_font=»&#8211;et_global_heading_font|500|||||||» body_line_height=»0.3em» global_colors_info=»{}»]</p>
<p>IDENTIDAD VISUAL </p>
<p><strong>y BRANDING</strong></p>
<p>[/et_pb_blurb][et_pb_text _builder_version=»4.27.4&#8243; _module_preset=»default» global_colors_info=»{}»]</p>
<p>Diseñamos el universo visual de las marcas a partir de recursos gráficos, para lograr crear una imagen coherente y reconocible que las diferencie de la competencia.</p>
<p>[/et_pb_text][/et_pb_column][et_pb_column type=»1_3&#8243; _builder_version=»4.27.4&#8243; _module_preset=»default» global_colors_info=»{}»][et_pb_blurb image=»https://cuencadamico.com.ar/wp-content/uploads/2025/03/digitall@2x.png» image_icon_width=»56%» icon_alignment=»left» _builder_version=»4.27.4&#8243; _module_preset=»default» header_level=»h3&#8243; header_font=»|&#8211;et_global_body_font_weight|||||||» header_font_size=»22px» body_font=»&#8211;et_global_heading_font|500|||||||» body_line_height=»0.3em» global_colors_info=»{}»]</p>
<p>COMUNICACIÓN</p>
<p><strong>DIGITAL</strong></p>
<p>[/et_pb_blurb][et_pb_text _builder_version=»4.27.4&#8243; _module_preset=»default» global_colors_info=»{}»]</p>
<p>Comunicamos mensajes de manera clara y efectiva. Creamos experiencias visuales atractivas y memorables,<br />e incrementamos la visibilidad<br />y reconocimiento de las marcas.</p>
<p>[/et_pb_text][/et_pb_column][et_pb_column type=»1_3&#8243; _builder_version=»4.27.4&#8243; _module_preset=»default» global_colors_info=»{}»][/et_pb_column][/et_pb_row][/et_pb_section]</p>

<p>EL ESTUDIOEstamos en la ciudad de Rosario desde 2005. Nuestro estudio de diseño gráfico se enfoca en crear identidades visuales que capturan la esencia de cada marca, dotándolas de una personalidad única y auténtica que las diferencie en el mercado. Afrontamos desafíos diversos, siendo nuestro objetivo siempre el mismo: diseñar marcas auténticas, verdaderas, únicas y [&hellip;]</p>
